 79)*(-2)/(-3) is divided by 19.
18
Suppose 4*j = 3*p + 222, 3*j - 95 = -4*p + 84. Suppose 60 = b + 2*b. Calculate the remainder when j is divided by b.
17
Suppose 3*o + 25 = 6*o + 4*l, -4*o = -2*l - 4. Calculate the remainder when 53 + (1 + 3 - o) is divided by 14.
12
Let u(o) = 6*o + 3. Calculate the remainder when u(8) is divided by 18.
15
Suppose -2*p = 3*x + p - 135, -2*x = 5*p - 102. What is the remainder when x is divided by 11?
8
Let a = -53 + 57. Calculate the remainder when a is divided by 2.
0
Let g be (0 + 1)*4/1. Suppose 0 = -2*h - 5*h - 28. Calculate the remainder when 13 is divided by (-2)/g*h - -3.
3
Suppose 2*j - 32 = 3*i - 112, -52 = -3*i - 5*j. Calculate the remainder when 88 is divided by i.
16
Let g be (-17)/(-3) - 2/(-6). Let c = g + 5. Calculate the remainder when 30 is divided by c.
8
Let l be 32/6 - 3/9. Suppose 2*g + l*r = 94, 2*g + 3*r + 162 = 6*g. Calculate the remainder when g is divided by 22.
20
Suppose 45 - 198 = -3*t. What is the remainder when 150 is divided by t?
48
Let d(b) = -1 + 4*b + 8*b**2 + b**3 - 2*b + 3. Calculate the remainder when d(-7) is divided by (10/(-7))/((-7)/49).
7
Suppose 0 = -5*d + 14 + 11. Suppose 2*h - d = 23. Suppose 0 = -2*q - 0*q + 5*x + 75, 5*x + 35 = q. Calculate the remainder when q is divided by h.
12
Let i = -8 - -6. Let n = 3 + i. What is the remainder when n is divided by 1?
0
Suppose -43 = -4*f + 5*b, 4*f - f - 3*b - 30 = 0. What is the remainder when 11 is divided by f?
4
Suppose -5*n + 56 = -4*n. Calculate the remainder when n is divided by 19.
18
Let b be (-4)/8*(0 - -6). What is the remainder when (-2)/b + 2275/39 is divided by 15?
14
Let w(v) = v**3 - 8*v**2 - 20*v + 11. What is the remainder when w(11) is divided by 39?
37
Let l = 10 - 18. What is the remainder when (-266)/(-4) - 4/l is divided by 35?
32
Let y = 31 + -15. What is the remainder when 62 is divided by y?
14
Let o = 6 - 3. Suppose o*h = 4*h - 35. Calculate the remainder when h is divided by 9.
8
Let r = -3 - -11. Calculate the remainder when 30 is divided by r.
6
Suppose 2*c + 4*i - 30 = 2*i, 37 = 3*c + 5*i. Let p = 105 + -30. What is the remainder when p is divided by c?
18
Let g(j) = j**2 + 6*j - 2. Let o be g(-6). Let a(p) = -15*p + 1. Let f = -7 - -23. What is the remainder when a(o) is divided by f?
15
Let h = 12 - 4. What is the remainder when 22 is divided by h?
6
Let s = -96 - -116. Calculate the remainder when 39 is divided by s.
19
Suppose 0 = -0*y + 6*y - 312. Calculate the remainder when y is divided by 71/4 + 3/12.
16
Calculate the remainder when 25 is divided by (-10)/45 - 130/(-18).
4
Suppose 2*p = -2*p + 88. Let a(w) be the first derivative of -w**3/3 + w**2/2 + 12*w - 5. Calculate the remainder when p is divided by a(0).
10
Suppose -3*j - 26 = -5*j. Calculate the remainder when 50 is divided by j.
11
Let z(l) be the second derivative of 2*l**3/3 - 8*l. What is the remainder when 62 is divided by z(4)?
14
Calculate the remainder when 11 is divided by (-7)/42 + 74/12.
5
Let h be 3 + 0/3 + -1. Suppose l + 13 = p, h*p + 2*l - 42 = -0*l. What is the remainder when p is divided by 10?
7
Let r = -35 + 84. Suppose 92*q - 91*q - 10 = 0. What is the remainder when r is divided by q?
9
Let y = 114 + -70. Let p = 63 - y. Suppose -5*v - 121 = -296. What is the remainder when v is divided by p?
16
Let q(x) = 3*x**2 + 2*x - 3. Suppose -d = -4*d + 9. Let s = 7 - d. Calculate the remainder when q(s) is divided by 14.
11
Let a(i) = i**2 + 6*i - 12. What is the remainder when 6*7 - 4/(-2) is divided by a(-9)?
14
Suppose 240*x + 154 = 241*x. Calculate the remainder when x is divided by 31.
30
Let p(g) = 15*g + 4. Let x be p(3). Suppose -2*d - u + x = d, 0 = -2*d + 4*u + 42. What is the remainder when d is divided by 6?
5
Suppose 4*q - 1 = 7. Let r = q + 0. Calculate the remainder when 6 is divided by r.
0
Let q = 3 + -10. Let h = q - -3. Let r = h - -8. Calculate the remainder when r is divided by 3.
1
Let m(q) be the third derivative of q**4/12 + 5*q**3/3 - 2*q**2. Let a be m(7). Let l = a + -12. What is the remainder when l is divided by 5?
2
Suppose 4*b + 51 = 5*z + 3*b, 9 = -z + 5*b. Let n(p) = p**3 + 6*p**2 + 5*p - 3. Let t be n(-6). Let x = t + 54. What is the remainder when x is divided by z?
10
Let w(b) = -b**3 + 10*b**2 - 6*b - 11. Suppose 2*r = 9 + 9. Let a(f) = 7*f**3 - 2*f**2 + f. Calculate the remainder when w(r) is divided by a(1).
4
Suppose -o + 18 + 3 = -4*f, 0 = f + 5*o. Let g = f - -2. Calculate the remainder when 1 + (-76 + 1)/g is divided by 9.
8
Let w(p) = 10*p - 16. Calculate the remainder when 55 is divided by w(3).
13
Suppose 0 = -3*a - 0*a + 36. Suppose -76 + a = -4*k. Calculate the remainder when 62 is divided by k.
14
Let h be 0 - (6/2 - -21). Let d(o) = 2*o. Calculate the remainder when ((-88)/h)/(1/6) is divided by d(4).
6
Let h(x) be the second derivative of 29*x**5/5 - x**3/6 + x**2 - 7*x. What is the remainder when h(1) is divided by 30?
27
Let m be 111/9 - (-2)/(-6). Suppose k - m = -k. What is the remainder when 17 is divided by k?
5
Let z = 16 + -34. Let f = z + 22. What is the remainder when 11 is divided by f?
3
Let a(r) = r**3 - 3*r**2 - 2*r - 3. Let j be a(4). Suppose j + 14 = k. Calculate the remainder when k is divided by 7.
5
Suppose 52 + 8 = 4*a. What is the remainder when a is divided by 9?
6
Calculate the remainder when 53 is divided by (-24 + 3)*(-2)/6.
4
Let p be (23/(-3))/(3/(-9)). Let b = p - 7. Calculate the remainder when 30 is divided by b.
14
Suppose 2*o - 96 = -4*m - 0*o, -4*m - 4*o + 92 = 0. Let s(l) = l + 22. Let z be s(0). Suppose d - z = -9. What is the remainder when m is divided by d?
12
Suppose 4*t - 29 = -f - 2, t + 5*f = 21. What is the remainder when t is divided by 4?
2
Suppose 100 = 4*o + 572. Let y = -72 - o. Calculate the remainder when y is divided by 16.
14
Suppose 2*z + 6 = -4*z. Let y = 28 - z. What is the remainder when 85 is divided by y?
27
Suppose 0*z = z - 44. Let i(f) = -4*f - 9. What is the remainder when z is divided by i(-6)?
14
Let s(z) = -2*z + 21. Calculate the remainder when s(-7) is divided by 23.
12
Suppose 0 = -4*p - p - 10, -1 = -c + 4*p. Let l = c - -18. What is the remainder when l is divided by 3?
2
Let b = 11 + -7. Suppose 9*n - b*n + 51 = -2*s, -n = -3*s. Calculate the remainder when 14 is divided by 0 + 6/n*-12.
6
Suppose 13*n - 10*n - 51 = 0. Calculate the remainder when 33 is divided by n.
16
Suppose u = -a - 2*a + 11, 5*a - 13 = -u. Suppose 3*t - 6*t = -105. Calculate the remainder when t is divided by 6/u - 90/(-8).
11
Suppose 0 = -2*f - 2*f + 8. Suppose -5*t = -f*t - 30. Let b = -5 + t. Calculate the remainder when b is divided by 2.
1
Let u(z) = -1 + 0 + 10 - z. Let w be u(7). Suppose 6*m - w*m = 156. Calculate the remainder when m is divided by 14.
11
Let n(j) = 5*j**2 - 2*j + 2. Let k = 216 - 8. Suppose -8*l = -4*l - k. Calculate the remainder when l is divided by n(2).
16
Let h = 73 + -52. Calculate the remainder when 82 is divided by h.
19
Let p(y) = 5*y + 33. What is the remainder when p(14) is divided by 26?
25
Let b = -19 - -32. What is the remainder when 25 is divided by b?
12
Let o = 9 + -3. Calculate the remainder when 14 is divided by o.
2
Suppose -4*q + 3*j + 22 = 0, q - j = -q + 10. What is the remainder when (0 + -1)*(0 + -7) is divided by q?
3
Let j = -11 + 43. Suppose 4*y - 22 = 2*y. Calculate the remainder when j is divided by y.
10
Let i(m) = 27*m**2 - m + 1. Suppose -2*o = -2*s + 104, -s - o + 47 + 7 = 0. Calculate the remainder when s is divided by i(1).
26
Suppose -5 = -4*i + 7. Suppose -i*j = -l + 25, l - 8 + 1 = -3*j. Calculate the remainder when 46 is divided by l.
14
Let m = -94 + 135. Calculate the remainder when m is divided by 21.
20
Let p(j) = j - 5. Let w be p(-8). Let k(s) = -3*s - 1. Calculate the remainder when w/(-2)*(3 - 1) is divided by k(-2).
3
Suppose 0 = -3*l - 3*c + 99, 45 = 2*l + 5*c - 33. What is the remainder when 55 is divided by l?
26
Let d(r) = -r**2 - 21*r + 3. What is the remainder when 12 is divided by d(-21)?
0
Suppose -5*u + 24 = -1. Let c(l) = l**3 + 5 + 2*l**2 + 0*l + u*l**2 + 6*l. What is the remainder when 9 is divided by c(-6)?
4
Suppose 2*a + 216 = -2*a. Let v = -33 - a. Calculate the remainder when 61 is divided by v.
19
Let r = 94 + -48. What is the